 20/16)/((-3)/8). Suppose -2*q - k*a + 696 = 0, 3*a = -5*q + 1643 + 89. What are the prime factors of q?
2, 43
Let l(a) = -5*a**3 + 8*a**2 - 11*a. Let i be l(5). Let r = -96 - i. Suppose 24 = -5*h + r. List the prime factors of h.
2, 3
Let a = -20990 + 39497. What are the prime factors of a?
3, 31, 199
Let a be -1 - (6 + 1 + -14). What are the prime factors of (-4641)/(-102)*-3*(-28)/a?
7, 13
Let y(u) = 2*u**3 + 11*u**2 - 8*u - 7. Let t be y(-6). Suppose -t*s = -g + 320, 5*g - 6*s = -8*s + 1627. What are the prime factors of g?
5, 13
Suppose 0 = -9*s + 5*s + 5*x + 7468, 5*x = -2*s + 3734. Suppose -3*i + 734 + s = 0. What are the prime factors of i?
3, 17
Suppose -52*j + 74*j - 11022 = 0. Let y = 435 + j. What are the prime factors of y?
2, 3, 13
Suppose -g + 7 = 2*s, -2*s + 6*s - 4*g - 44 = 0. Suppose 12042 - 1692 = s*i. What are the prime factors of i?
3, 5, 23
Suppose -5*w - 22 = 2*x, -x = -w - 1 - 2. What are the prime factors of 107 + -2 + (0 - x) + 2?
2, 3
Let t be 1495 + 1 - (-1 - 3). Suppose 31*r - t = 28*r. What are the prime factors of r?
2, 5
Let n be (2 - (-5)/(-2)) + (-209)/(-22). Let k = -6 + n. Suppose -5*t = k*w - 6 - 117, -4*w - 3*t = -153. List the prime factors of w.
2, 3
Let g be (1/(-3))/(((-15)/(-3))/4065). Let n = -17 - g. List the prime factors of n.
2, 127
Let c(p) = -14*p**2 - 8*p + 21. Let n be c(-5). Let q = n - -384. List the prime factors of q.
5, 19
Suppose 18*z + 98*z = 433584 + 2405632. List the prime factors of z.
2, 29, 211
Let r(s) = 2*s**3 + 5*s**2 + 3*s + 4. Let z be r(-2). Let f be (-15 - -21)*z/2. Let m(v) = 22*v - 18. List the prime factors of m(f).
2, 3, 19
List the prime factors of 5*(-6)/30 - -7330.
3, 7, 349
Suppose 16 = 4*h, -276 + 16 = -d + 5*h. List the prime factors of d.
2, 5, 7
Let h(m) = -612*m + 2724. What are the prime factors of h(-6)?
2, 3, 13, 41
Suppose -5*z - 17 = 23. Let o be ((-16)/(-10))/(z/100). List the prime factors of 52/o + 3 + (-1089)/(-15).
73
Let a = -8 - -5. Let s be 24/(-16)*2 - -5. List the prime factors of 27*a/(-2)*s.
3
Suppose -4*l - q + 24260 = 0, -41*l + 4*q = -40*l - 6065. What are the prime factors of l?
5, 1213
Let m be (24 + -23)/(1/(-7)). List the prime factors of 174/(-18)*(m + 4/(-2)).
3, 29
Let q = 159 - 174. List the prime factors of (-58)/435 + ((-782)/q - -2).
2, 3
Suppose a + 5*h = 13, 4*a = 6*a + 2*h - 42. What are the prime factors of (36/46)/9 - (-9543)/a?
5, 83
Let z(u) = u**3 + 2*u**2 + 6*u + 6. Let l be z(-3). Let x be l/(-15) + 3/5. Suppose 0*d + x*d - 240 = 0. List the prime factors of d.
2, 3, 5
Suppose v - 74729 = -5*c, 27*c = -4*v + 34*c + 298808. List the prime factors of v.
3, 2767
Suppose -q = -3*u, -4*q = -u - 5 - 6. Let p be (-1008)/16 + u*-4. Let n = -30 - p. List the prime factors of n.
37
Suppose -3*i - 5*j = 3515 - 159810, 156283 = 3*i - j. List the prime factors of i.
3, 5, 23, 151
Suppose -5*l + 57293 = 5*i - 18982, 2*i - 30510 = -l. List the prime factors of i.
3, 5, 113
What are the prime factors of 69494*1 + ((-38)/(-4) - (-531)/(-354))?
2, 19, 31, 59
What are the prime factors of 8944412/1162 + -1*6/14?
43, 179
Suppose -545*y + 5303584 = -393*y. List the prime factors of y.
2, 11, 13, 61
What are the prime factors of 38/8*(2097 - 31 - 30)?
19, 509
Let m be (5/10)/(9/21348). Let y = m - 515. List the prime factors of y.
11, 61
Let u(n) = -n**2 + 15*n + 6. Let w be u(15). Suppose 22*l - w*l = 8144. List the prime factors of l.
509
Suppose 5*m - 50 = -0. Suppose -3*n + 2*q + 971 = 0, -m*n + 8*n - q + 638 = 0. What are the prime factors of n?
3, 107
Let a be (285/(-5))/(67/11 - 6). Let s = 1877 + a. List the prime factors of s.
2, 5
Suppose 3 = -h - 5*m - 25, 4*m = -20. Let w(k) = 17*k**2 + 3 + 2 + 6*k - 3*k**2. List the prime factors of w(h).
113
Let m(d) = -4241*d**3 - 3*d - 2. Let p be m(-1). Suppose 26*z + 2*y = 23*z + 3171, 4*z - 2*y - p = 0. List the prime factors of z.
3, 353
Suppose 80 = -14*u + 24*u. Suppose 6*t - u*t + q = -916, -t = q - 464. What are the prime factors of t?
2, 5, 23
Suppose 40 - 520 = -10*i. Suppose -195 + i = -b. Suppose 27 = -5*p + b. What are the prime factors of p?
2, 3
Let l = -30826 - -82077. List the prime factors of l.
53, 967
Let i be -742*1/(-2) + (-5)/1. What are the prime factors of (9 - 45/10)*(i - 0)?
3, 61
Suppose -28*o - 35 = -23*o. Let t be (5/o - (-6)/(-21))*87. Let g = t - -141. List the prime factors of g.
2, 3
Let p(x) = 14*x**2 + 13*x - 28. Suppose 0 = -3*d - 2*d, 2*t + 4*d = 6. What are the prime factors of p(t)?
137
Let l(g) = -3*g**2 + 232*g - 92. What are the prime factors of l(29)?
3, 457
Let t(i) = -549*i + 26. Let y(m) = 274*m - 15. Let l(f) = -6*t(f) - 13*y(f). What are the prime factors of l(-5)?
7, 197
Let b(s) = 5*s**2 - 7*s + 638. What are the prime factors of b(-37)?
2, 7, 79
Let d = -30 + 38. Let c = -77 + d. Let y = -46 - c. List the prime factors of y.
23
Let k = -32 - -13. Let g = 21 + k. List the prime factors of 250/g - 4 - 2.
7, 17
Let n be (-1 - 0)*2 - (-15)/3. Suppose -n*z + 0 = -3. Let m(p) = 44*p**3 + p**2 - 2*p + 2. What are the prime factors of m(z)?
3, 5
Let u = -92 + 96. Let c(o) = 2*o**2 - 7*o + 4. List the prime factors of c(u).
2
Let m = 3 - 12. Let x(f) = f**3 + 8*f**2 - 10*f - 4. Let a be x(m). Suppose -7*r - 3*o = -2*r - 677, 413 = 3*r - a*o. What are the prime factors of r?
2, 17
Let s be (-6)/9*4/((-8)/162). Let k = 36 - s. What are the prime factors of 30/(-9)*k/12?
5
Let l = 2910 + -2910. Suppose 3*u + 3*m - 18 = 0, 2*m + 27 = 3*u - 16. Suppose -u*i + 6*i + 490 = l. List the prime factors of i.
2, 7
Let t(c) = c**3 + 13*c**2 - 2*c - 26. Let s be t(-13). Suppose -92*k + 99*k - 2177 = s. List the prime factors of k.
311
Let u be 6 - (21 + -13) - (-7 + -1). Let r(j) = 2*j**3 + 4*j**2 - 3*j - 3. List the prime factors of r(u).
3, 5, 37
Suppose 10*o = 14*o + 1340. Let h = 8 - o. List the prime factors of h.
7
Let d(y) = -20*y**2 + 11*y + 133. Let j be d(-7). Let z = 1534 + j. List the prime factors of z.
2, 5, 61
Let v(h) = -h - 10. Let a be v(-5). Let t(k) = -10*k - 48. Let o be t(a). Suppose 5*f = 3*p - 224, 7*f = -5*p + o*f + 400. List the prime factors of p.
2, 3, 13
Suppose -b + 17*y - 18*y + 11700 = 0, 3*y - 23401 = -2*b. List the prime factors of b.
11699
Let p(c) = 30*c - 4*c**2 - 60 + 55*c**3 - 15*c - 56*c**3 - 7*c**2. List the prime factors of p(-14).
2, 3, 53
Let v(y) = y**3 + 5*y**2 - 5*y + 13. Let b be v(-6). Suppose -b*a - 51 - 68 = 0. Let w = a + 51. List the prime factors of w.
2, 17
Let a(u) = 2*u**2 - 7*u + 46. Let c(k) = -2*k**3 - 12*k**2 + 15*k + 21. Let w be c(-7). What are the prime factors of a(w)?
2, 5, 17
Let r = 94 - -378. List the prime factors of (r/6)/(16/144).
2, 3, 59
Let h(o) = 11*o**2 + 84*o + 2394. What are the prime factors of h(-17)?
5, 829
Let v(m) = 11*m**2 + 249*m - 65. List the prime factors of v(-23).
3
Let w(j) = 3*j + 10. Suppose 10*p - 4*p = 0. Suppose p*z = 5*z - 40. List the prime factors of w(z).
2, 17
Suppose 7*t = -22 + 8. List the prime factors of (t + -13 + 1)*5650/(-175).
2, 113
Suppose -g + 3*g - 70 = -5*x, -g = 0. Let l be 1395/(-105) - (-4)/x. Let o = 47 + l. List the prime factors of o.
2, 17
Let v be 24/(-228) - 490/38. Let k(g) = -81*g - 358. List the prime factors of k(v).
5, 139
Let p be 854/(-105) - -8 - (-49144)/30. Let m = p - 873. List the prime factors of m.
3, 5, 17
List the prime factors of -107 + 99 + (-1 - -42)*(489 + -10).
67, 293
Suppose -4851 = 4*f + 3325. Let t be (-6)/15 - f/10. Suppose -68 = -2*j + t. What are the prime factors of j?
2, 17
Let w(d) = 2*d**3 + 24*d**2 - 4*d - 28. Let p be w(-12). Let t(l) = -l**3 + 23*l**2 - 9*l + 21. List the prime factors of t(p).
3, 347
Let a be (-6 + 5)*4/(-2). Let o be 508 + a + 1*-3. Suppose 7*v - 53 - o = 0. List the prime factors of v.
2, 5
Let v = 61 - 83. List the prime factors of (-3 + v/(-6))/(4/2670).
5, 89
Let q be 52/4 - 4 - (2 - -3). List the prime factors of (-4)/(q + (-31296)/7816).
977
Suppose 0 = a + 5*r - 5102, -2*a + 16*r + 10260 = 12*r. What are the prime factors of a?
2, 13, 197
Let n(w) = -3*w**3 + 0*w**3 + 4*w**3 - 2*w**2 - 4 + 7*w. Let q be n(4). Suppose 3*y + q = 4*y. What are the prime factors of y?
2, 7
Let o(x) = x**2 + 7*x - 16. Let l be o(-10). Let d = 46 + l. Suppose -5*p + d = -4*p. List the prime factors of